{"id":1042,"date":"2022-09-02T16:40:00","date_gmt":"2022-09-02T16:40:00","guid":{"rendered":"https:\/\/yanardiwines.com\/?post_type=product&#038;p=1042"},"modified":"2025-10-14T21:08:07","modified_gmt":"2025-10-14T21:08:07","slug":"malandra-pedro-gimenez","status":"publish","type":"product","link":"https:\/\/yanardiwines.com\/pt\/produto\/malandra-pedro-gimenez\/","title":{"rendered":"MALANDRA \u2013 PEDRO GIM\u00c9NEZ"},"content":{"rendered":"","protected":false},"excerpt":{"rendered":"<p>Amarelo com tons de verde. Presen\u00e7a de frutas de caro\u00e7o brancas como p\u00eassego, p\u00eara e ma\u00e7\u00e3 verde. Na boca \u00e9 muito untuoso, com um final longo que dura gra\u00e7as \u00e0 sua acidez equilibrada. Ideal para acompanhar um aperitivo de humita ao prato com diferentes tipos de saladas ou pratos de peixe e marisco.<\/p>","protected":false},"featured_media":1048,"template":"","meta":[],"product_brand":[],"product_cat":[20],"product_tag":[],"varietal":[44],"class_list":{"0":"post-1042","1":"product","2":"type-product","3":"status-publish","4":"has-post-thumbnail","6":"product_cat-malandra","7":"varietal-pedro-gimenez","9":"first","10":"instock","11":"sale","12":"shipping-taxable","13":"purchasable","14":"product-type-simple"},"yoast_head":"<!-- This site is optimized with the Yoast SEO plugin v27.5 - https:\/\/yoast.com\/product\/yoast-seo-wordpress\/ -->\n<title>MALANDRA - PEDRO GIM\u00c9NEZ - Yanardi Wines<\/title>\n<meta name=\"robots\" content=\"index, follow, max-snippet:-1, max-image-preview:large, max-video-preview:-1\" \/>\n<link rel=\"canonical\" href=\"https:\/\/yanardiwines.com\/pt\/produto\/malandra-pedro-gimenez\/\" \/>\n<meta property=\"og:locale\" content=\"pt_BR\" \/>\n<meta property=\"og:type\" content=\"article\" \/>\n<meta property=\"og:title\" content=\"MALANDRA - PEDRO GIM\u00c9NEZ - Yanardi Wines\" \/>\n<meta property=\"og:description\" content=\"De color amarillo con tonos verdes. Presencia de frutos blancos de carozo como el durazno, la pera y la manzana verde. En boca es muy untuoso, con un final largo que perdura gracias a su equilibrada acidez. Ideal para acompa\u00f1ar una entrada de humita al plato con distintos tipos de ensaladas o platos de pescados y mariscos.\" \/>\n<meta property=\"og:url\" content=\"https:\/\/yanardiwines.com\/pt\/produto\/malandra-pedro-gimenez\/\" \/>\n<meta property=\"og:site_name\" content=\"Yanardi Wines\" \/>\n<meta property=\"article:modified_time\" content=\"2025-10-14T21:08:07+00:00\" \/>\n<meta property=\"og:image\" content=\"https:\/\/yanardiwines.com\/wp-content\/uploads\/2022\/09\/Malandra-Pedro-Gimenez.png\" \/>\n\t<meta property=\"og:image:width\" content=\"764\" \/>\n\t<meta property=\"og:image:height\" content=\"1147\" \/>\n\t<meta property=\"og:image:type\" content=\"image\/png\" \/>\n<meta name=\"twitter:card\" content=\"summary_large_image\" \/>\n<script type=\"application\/ld+json\" class=\"yoast-schema-graph\">{\"@context\":\"https:\\\/\\\/schema.org\",\"@graph\":[{\"@type\":\"WebPage\",\"@id\":\"https:\\\/\\\/yanardiwines.com\\\/producto\\\/malandra-pedro-gimenez\\\/\",\"url\":\"https:\\\/\\\/yanardiwines.com\\\/producto\\\/malandra-pedro-gimenez\\\/\",\"name\":\"MALANDRA - PEDRO GIM\u00c9NEZ - Yanardi Wines\",\"isPartOf\":{\"@id\":\"https:\\\/\\\/yanardiwines.com\\\/#website\"},\"primaryImageOfPage\":{\"@id\":\"https:\\\/\\\/yanardiwines.com\\\/producto\\\/malandra-pedro-gimenez\\\/#primaryimage\"},\"image\":{\"@id\":\"https:\\\/\\\/yanardiwines.com\\\/producto\\\/malandra-pedro-gimenez\\\/#primaryimage\"},\"thumbnailUrl\":\"https:\\\/\\\/i0.wp.com\\\/yanardiwines.com\\\/wp-content\\\/uploads\\\/2022\\\/09\\\/Malandra-Pedro-Gimenez.png?fit=764%2C1147&ssl=1\",\"datePublished\":\"2022-09-02T16:40:00+00:00\",\"dateModified\":\"2025-10-14T21:08:07+00:00\",\"breadcrumb\":{\"@id\":\"https:\\\/\\\/yanardiwines.com\\\/producto\\\/malandra-pedro-gimenez\\\/#breadcrumb\"},\"inLanguage\":\"pt-BR\",\"potentialAction\":[{\"@type\":\"ReadAction\",\"target\":[\"https:\\\/\\\/yanardiwines.com\\\/producto\\\/malandra-pedro-gimenez\\\/\"]}]},{\"@type\":\"ImageObject\",\"inLanguage\":\"pt-BR\",\"@id\":\"https:\\\/\\\/yanardiwines.com\\\/producto\\\/malandra-pedro-gimenez\\\/#primaryimage\",\"url\":\"https:\\\/\\\/i0.wp.com\\\/yanardiwines.com\\\/wp-content\\\/uploads\\\/2022\\\/09\\\/Malandra-Pedro-Gimenez.png?fit=764%2C1147&ssl=1\",\"contentUrl\":\"https:\\\/\\\/i0.wp.com\\\/yanardiwines.com\\\/wp-content\\\/uploads\\\/2022\\\/09\\\/Malandra-Pedro-Gimenez.png?fit=764%2C1147&ssl=1\",\"width\":764,\"height\":1147},{\"@type\":\"BreadcrumbList\",\"@id\":\"https:\\\/\\\/yanardiwines.com\\\/producto\\\/malandra-pedro-gimenez\\\/#breadcrumb\",\"itemListElement\":[{\"@type\":\"ListItem\",\"position\":1,\"name\":\"Inicio\",\"item\":\"https:\\\/\\\/yanardiwines.com\\\/\"},{\"@type\":\"ListItem\",\"position\":2,\"name\":\"Tienda\",\"item\":\"https:\\\/\\\/yanardiwines.com\\\/catalogo\\\/\"},{\"@type\":\"ListItem\",\"position\":3,\"name\":\"MALANDRA &#8211; PEDRO GIM\u00c9NEZ\"}]},{\"@type\":\"WebSite\",\"@id\":\"https:\\\/\\\/yanardiwines.com\\\/#website\",\"url\":\"https:\\\/\\\/yanardiwines.com\\\/\",\"name\":\"Yanardi Wines\",\"description\":\"Vinos aut\u00e9nticos creados con el coraz\u00f3n.\",\"publisher\":{\"@id\":\"https:\\\/\\\/yanardiwines.com\\\/#organization\"},\"potentialAction\":[{\"@type\":\"SearchAction\",\"target\":{\"@type\":\"EntryPoint\",\"urlTemplate\":\"https:\\\/\\\/yanardiwines.com\\\/?s={search_term_string}\"},\"query-input\":{\"@type\":\"PropertyValueSpecification\",\"valueRequired\":true,\"valueName\":\"search_term_string\"}}],\"inLanguage\":\"pt-BR\"},{\"@type\":\"Organization\",\"@id\":\"https:\\\/\\\/yanardiwines.com\\\/#organization\",\"name\":\"Yanardi Wines\",\"url\":\"https:\\\/\\\/yanardiwines.com\\\/\",\"logo\":{\"@type\":\"ImageObject\",\"inLanguage\":\"pt-BR\",\"@id\":\"https:\\\/\\\/yanardiwines.com\\\/#\\\/schema\\\/logo\\\/image\\\/\",\"url\":\"https:\\\/\\\/yanardiwines.com\\\/wp-content\\\/uploads\\\/2022\\\/06\\\/yanardi-wine.jpg\",\"contentUrl\":\"https:\\\/\\\/yanardiwines.com\\\/wp-content\\\/uploads\\\/2022\\\/06\\\/yanardi-wine.jpg\",\"width\":340,\"height\":68,\"caption\":\"Yanardi Wines\"},\"image\":{\"@id\":\"https:\\\/\\\/yanardiwines.com\\\/#\\\/schema\\\/logo\\\/image\\\/\"},\"sameAs\":[\"https:\\\/\\\/www.instagram.com\\\/yanardiwines\\\/\"]}]}<\/script>\n<!-- \/ Yoast SEO plugin. -->","yoast_head_json":{"title":"MALANDRA - PEDRO GIM\u00c9NEZ - Yanardi Wines","robots":{"index":"index","follow":"follow","max-snippet":"max-snippet:-1","max-image-preview":"max-image-preview:large","max-video-preview":"max-video-preview:-1"},"canonical":"https:\/\/yanardiwines.com\/pt\/produto\/malandra-pedro-gimenez\/","og_locale":"pt_BR","og_type":"article","og_title":"MALANDRA - PEDRO GIM\u00c9NEZ - Yanardi Wines","og_description":"De color amarillo con tonos verdes. Presencia de frutos blancos de carozo como el durazno, la pera y la manzana verde. En boca es muy untuoso, con un final largo que perdura gracias a su equilibrada acidez. Ideal para acompa\u00f1ar una entrada de humita al plato con distintos tipos de ensaladas o platos de pescados y mariscos.","og_url":"https:\/\/yanardiwines.com\/pt\/produto\/malandra-pedro-gimenez\/","og_site_name":"Yanardi Wines","article_modified_time":"2025-10-14T21:08:07+00:00","og_image":[{"width":764,"height":1147,"url":"https:\/\/yanardiwines.com\/wp-content\/uploads\/2022\/09\/Malandra-Pedro-Gimenez.png","type":"image\/png"}],"twitter_card":"summary_large_image","schema":{"@context":"https:\/\/schema.org","@graph":[{"@type":"WebPage","@id":"https:\/\/yanardiwines.com\/producto\/malandra-pedro-gimenez\/","url":"https:\/\/yanardiwines.com\/producto\/malandra-pedro-gimenez\/","name":"MALANDRA - PEDRO GIM\u00c9NEZ - Yanardi Wines","isPartOf":{"@id":"https:\/\/yanardiwines.com\/#website"},"primaryImageOfPage":{"@id":"https:\/\/yanardiwines.com\/producto\/malandra-pedro-gimenez\/#primaryimage"},"image":{"@id":"https:\/\/yanardiwines.com\/producto\/malandra-pedro-gimenez\/#primaryimage"},"thumbnailUrl":"https:\/\/i0.wp.com\/yanardiwines.com\/wp-content\/uploads\/2022\/09\/Malandra-Pedro-Gimenez.png?fit=764%2C1147&ssl=1","datePublished":"2022-09-02T16:40:00+00:00","dateModified":"2025-10-14T21:08:07+00:00","breadcrumb":{"@id":"https:\/\/yanardiwines.com\/producto\/malandra-pedro-gimenez\/#breadcrumb"},"inLanguage":"pt-BR","potentialAction":[{"@type":"ReadAction","target":["https:\/\/yanardiwines.com\/producto\/malandra-pedro-gimenez\/"]}]},{"@type":"ImageObject","inLanguage":"pt-BR","@id":"https:\/\/yanardiwines.com\/producto\/malandra-pedro-gimenez\/#primaryimage","url":"https:\/\/i0.wp.com\/yanardiwines.com\/wp-content\/uploads\/2022\/09\/Malandra-Pedro-Gimenez.png?fit=764%2C1147&ssl=1","contentUrl":"https:\/\/i0.wp.com\/yanardiwines.com\/wp-content\/uploads\/2022\/09\/Malandra-Pedro-Gimenez.png?fit=764%2C1147&ssl=1","width":764,"height":1147},{"@type":"BreadcrumbList","@id":"https:\/\/yanardiwines.com\/producto\/malandra-pedro-gimenez\/#breadcrumb","itemListElement":[{"@type":"ListItem","position":1,"name":"Inicio","item":"https:\/\/yanardiwines.com\/"},{"@type":"ListItem","position":2,"name":"Tienda","item":"https:\/\/yanardiwines.com\/catalogo\/"},{"@type":"ListItem","position":3,"name":"MALANDRA &#8211; PEDRO GIM\u00c9NEZ"}]},{"@type":"WebSite","@id":"https:\/\/yanardiwines.com\/#website","url":"https:\/\/yanardiwines.com\/","name":"Vinhos Yanardi","description":"Vinhos aut\u00eanticos criados com o cora\u00e7\u00e3o.","publisher":{"@id":"https:\/\/yanardiwines.com\/#organization"},"potentialAction":[{"@type":"SearchAction","target":{"@type":"EntryPoint","urlTemplate":"https:\/\/yanardiwines.com\/?s={search_term_string}"},"query-input":{"@type":"PropertyValueSpecification","valueRequired":true,"valueName":"search_term_string"}}],"inLanguage":"pt-BR"},{"@type":"Organization","@id":"https:\/\/yanardiwines.com\/#organization","name":"Vinhos Yanardi","url":"https:\/\/yanardiwines.com\/","logo":{"@type":"ImageObject","inLanguage":"pt-BR","@id":"https:\/\/yanardiwines.com\/#\/schema\/logo\/image\/","url":"https:\/\/yanardiwines.com\/wp-content\/uploads\/2022\/06\/yanardi-wine.jpg","contentUrl":"https:\/\/yanardiwines.com\/wp-content\/uploads\/2022\/06\/yanardi-wine.jpg","width":340,"height":68,"caption":"Yanardi Wines"},"image":{"@id":"https:\/\/yanardiwines.com\/#\/schema\/logo\/image\/"},"sameAs":["https:\/\/www.instagram.com\/yanardiwines\/"]}]}},"_links":{"self":[{"href":"https:\/\/yanardiwines.com\/pt\/wp-json\/wp\/v2\/product\/1042","targetHints":{"allow":["GET"]}}],"collection":[{"href":"https:\/\/yanardiwines.com\/pt\/wp-json\/wp\/v2\/product"}],"about":[{"href":"https:\/\/yanardiwines.com\/pt\/wp-json\/wp\/v2\/types\/product"}],"wp:featuredmedia":[{"embeddable":true,"href":"https:\/\/yanardiwines.com\/pt\/wp-json\/wp\/v2\/media\/1048"}],"wp:attachment":[{"href":"https:\/\/yanardiwines.com\/pt\/wp-json\/wp\/v2\/media?parent=1042"}],"wp:term":[{"taxonomy":"product_brand","embeddable":true,"href":"https:\/\/yanardiwines.com\/pt\/wp-json\/wp\/v2\/product_brand?post=1042"},{"taxonomy":"product_cat","embeddable":true,"href":"https:\/\/yanardiwines.com\/pt\/wp-json\/wp\/v2\/product_cat?post=1042"},{"taxonomy":"product_tag","embeddable":true,"href":"https:\/\/yanardiwines.com\/pt\/wp-json\/wp\/v2\/product_tag?post=1042"},{"taxonomy":"varietal","embeddable":true,"href":"https:\/\/yanardiwines.com\/pt\/wp-json\/wp\/v2\/varietal?post=1042"}],"curies":[{"name":"wp","href":"https:\/\/api.w.org\/{rel}","templated":true}]}}

MALANDRA – PEDRO GIMÉNEZ

<p>Amarelo com tons de verde. Presença de frutas de caroço brancas como pêssego, pêra e maçã verde. Na boca é muito untuoso, com um final longo que dura graças à sua acidez equilibrada. Ideal para acompanhar um aperitivo de humita ao prato com diferentes tipos de saladas ou pratos de peixe e marisco.</p>

<!-- This site is optimized with the Yoast SEO plugin v27.5 - https://yoast.com/product/yoast-seo-wordpress/ -->
<title>MALANDRA - PEDRO GIMÉNEZ - Yanardi Wines</title>
<meta name="robots" content="index, follow, max-snippet:-1, max-image-preview:large, max-video-preview:-1" />
<link rel="canonical" href="https://yanardiwines.com/pt/produto/malandra-pedro-gimenez/" />
<meta property="og:locale" content="pt_BR" />
<meta property="og:type" content="article" />
<meta property="og:title" content="MALANDRA - PEDRO GIMÉNEZ - Yanardi Wines" />
<meta property="og:description" content="De color amarillo con tonos verdes. Presencia de frutos blancos de carozo como el durazno, la pera y la manzana verde. En boca es muy untuoso, con un final largo que perdura gracias a su equilibrada acidez. Ideal para acompañar una entrada de humita al plato con distintos tipos de ensaladas o platos de pescados y mariscos." />
<meta property="og:url" content="https://yanardiwines.com/pt/produto/malandra-pedro-gimenez/" />
<meta property="og:site_name" content="Yanardi Wines" />
<meta property="article:modified_time" content="2025-10-14T21:08:07+00:00" />
<meta property="og:image" content="https://yanardiwines.com/wp-content/uploads/2022/09/Malandra-Pedro-Gimenez.png" />
	<meta property="og:image:width" content="764" />
	<meta property="og:image:height" content="1147" />
	<meta property="og:image:type" content="image/png" />
<meta name="twitter:card" content="summary_large_image" />
<script type="application/ld+json" class="yoast-schema-graph">{"@context":"https:\/\/schema.org","@graph":[{"@type":"WebPage","@id":"https:\/\/yanardiwines.com\/producto\/malandra-pedro-gimenez\/","url":"https:\/\/yanardiwines.com\/producto\/malandra-pedro-gimenez\/","name":"MALANDRA - PEDRO GIMÉNEZ - Yanardi Wines","isPartOf":{"@id":"https:\/\/yanardiwines.com\/#website"},"primaryImageOfPage":{"@id":"https:\/\/yanardiwines.com\/producto\/malandra-pedro-gimenez\/#primaryimage"},"image":{"@id":"https:\/\/yanardiwines.com\/producto\/malandra-pedro-gimenez\/#primaryimage"},"thumbnailUrl":"https:\/\/i0.wp.com\/yanardiwines.com\/wp-content\/uploads\/2022\/09\/Malandra-Pedro-Gimenez.png?fit=764%2C1147&ssl=1","datePublished":"2022-09-02T16:40:00+00:00","dateModified":"2025-10-14T21:08:07+00:00","breadcrumb":{"@id":"https:\/\/yanardiwines.com\/producto\/malandra-pedro-gimenez\/#breadcrumb"},"inLanguage":"pt-BR","potentialAction":[{"@type":"ReadAction","target":["https:\/\/yanardiwines.com\/producto\/malandra-pedro-gimenez\/"]}]},{"@type":"ImageObject","inLanguage":"pt-BR","@id":"https:\/\/yanardiwines.com\/producto\/malandra-pedro-gimenez\/#primaryimage","url":"https:\/\/i0.wp.com\/yanardiwines.com\/wp-content\/uploads\/2022\/09\/Malandra-Pedro-Gimenez.png?fit=764%2C1147&ssl=1","contentUrl":"https:\/\/i0.wp.com\/yanardiwines.com\/wp-content\/uploads\/2022\/09\/Malandra-Pedro-Gimenez.png?fit=764%2C1147&ssl=1","width":764,"height":1147},{"@type":"BreadcrumbList","@id":"https:\/\/yanardiwines.com\/producto\/malandra-pedro-gimenez\/#breadcrumb","itemListElement":[{"@type":"ListItem","position":1,"name":"Inicio","item":"https:\/\/yanardiwines.com\/"},{"@type":"ListItem","position":2,"name":"Tienda","item":"https:\/\/yanardiwines.com\/catalogo\/"},{"@type":"ListItem","position":3,"name":"MALANDRA &#8211; PEDRO GIMÉNEZ"}]},{"@type":"WebSite","@id":"https:\/\/yanardiwines.com\/#website","url":"https:\/\/yanardiwines.com\/","name":"Yanardi Wines","description":"Vinos auténticos creados con el corazón.","publisher":{"@id":"https:\/\/yanardiwines.com\/#organization"},"potentialAction":[{"@type":"SearchAction","target":{"@type":"EntryPoint","urlTemplate":"https:\/\/yanardiwines.com\/?s={search_term_string}"},"query-input":{"@type":"PropertyValueSpecification","valueRequired":true,"valueName":"search_term_string"}}],"inLanguage":"pt-BR"},{"@type":"Organization","@id":"https:\/\/yanardiwines.com\/#organization","name":"Yanardi Wines","url":"https:\/\/yanardiwines.com\/","logo":{"@type":"ImageObject","inLanguage":"pt-BR","@id":"https:\/\/yanardiwines.com\/#\/schema\/logo\/image\/","url":"https:\/\/yanardiwines.com\/wp-content\/uploads\/2022\/06\/yanardi-wine.jpg","contentUrl":"https:\/\/yanardiwines.com\/wp-content\/uploads\/2022\/06\/yanardi-wine.jpg","width":340,"height":68,"caption":"Yanardi Wines"},"image":{"@id":"https:\/\/yanardiwines.com\/#\/schema\/logo\/image\/"},"sameAs":["https:\/\/www.instagram.com\/yanardiwines\/"]}]}</script>
<!-- / Yoast SEO plugin. -->

MALANDRA - PEDRO GIMÉNEZ - Yanardi Wines

De color amarillo con tonos verdes. Presencia de frutos blancos de carozo como el durazno, la pera y la manzana verde. En boca es muy untuoso, con un final largo que perdura gracias a su equilibrada acidez. Ideal para acompañar una entrada de humita al plato con distintos tipos de ensaladas o platos de pescados y mariscos.

MALANDRA &#8211; PEDRO GIMÉNEZ

Vinhos autênticos criados com o coração.
